ded by 3?
0
Suppose -142*k + 147*k = 4*v + 274, 2*k + v - 94 = 0. What is the remainder when k is divided by 2/((8/18)/2)?
5
Let g(f) = 14*f**2 + 2*f - 1. Let z = -88 + -8. Let o = 123 + z. What is the remainder when o is divided by g(1)?
12
What is the remainder when 1562 is divided by 105*(-4)/(156/(-13))?
22
Suppose -5*w - 2*r + 205 = 0, -4*w - 4*r + 47 = -105. Suppose 0*q + q = w. Let d = -1860 - -1943. Calculate the remainder when d is divided by q.
40
Let h(o) = 2*o - 30 - 3*o + 44. Let p = -6 + 8. What is the remainder when h(3) is divided by p?
1
Let j be 14 + 3 - (-2 + 6). Suppose -j*h + 1784 = -5*h. What is the remainder when h is divided by 28?
27
Let b(z) = z**3 - 18*z**2 + 3*z + 15. Let q = -45 - -63. Let i be b(q). Let x = i + -54. Calculate the remainder when 73 is divided by x.
13
Let v(j) = -j**2 + 13*j - 11. Let u be v(9). Let s = 27 - u. Suppose 4*z - 15 = 5, 0 = s*c - 2*z - 6. Calculate the remainder when 46 is divided by c.
6
Suppose 0 = 1734*x - 1793*x + 26432. Calculate the remainder when x is divided by 17.
6
Let c(b) = -b**2 + 14*b + 19. Let f = 33 + -35. Let a be (-1)/f*-1 - (-155)/10. What is the remainder when 14 is divided by c(a)?
2
Suppose -19*k + 15419 = -13860. What is the remainder when k is divided by 317?
273
Suppose 5*c - 25 = 0, -2*h = -3*h - 2*c - 1. Let a = h - -77. Let q = -115333 + 115359. Calculate the remainder when a is divided by q.
14
Let b = 15080 - 14776. Calculate the remainder when b is divided by 101.
1
Let o(h) = -h + 16. Let t be o(4). Suppose -1290 = -t*n - 3*n. What is the remainder when n is divided by 18?
14
Let v(i) = -6*i - 2 - 12 - 105. Calculate the remainder when v(-23) is divided by 12.
7
Suppose 5*o = -0*v - 3*v + 18, -3*v + 4*o = 9. Suppose 2*g = 3*z - 18, -z - v = -2*z - g. What is the remainder when 145 is divided by 1*(-3 + 160/z)?
34
Suppose -659 = -3*f + 4*c, 2*f - 8*f + 1323 = -3*c. What is the remainder when 1333 is divided by f?
7
Let z(d) = 5*d - 1. Let c(y) = -11*y. Let q(l) = 2*c(l) + z(l). Let u(n) = -2*n + 2. Let g be u(4). Calculate the remainder when q(g) is divided by 26.
23
Suppose -709*k = -704*k + 110. Let a(g) = -7*g - 136. What is the remainder when a(k) is divided by 7?
4
Let n = 11434 + -11431. Calculate the remainder when 1*9 - (0 - -1) is divided by n.
2
Suppose c - 776 = -3*c. Suppose 1456 = -49*p + 101*p. What is the remainder when c is divided by p?
26
Let k be (5 + -10 - 477) + -8. Let x = k + 546. Calculate the remainder when 62 is divided by x.
6
Let x = -334 - -198. Let g = x + 189. What is the remainder when 103 is divided by g?
50
Suppose -258 = 4*u - 78. Let s = 81 + u. Suppose -s = -3*l - 9. Calculate the remainder when 25 is divided by l.
7
Suppose 17*j - 484 - 902 = -672. Let q = 5 - -5. Let k = q - 0. Calculate the remainder when j is divided by k.
2
Let y(l) = 4*l**3 - l**2 - 20*l + 21. What is the remainder when 58 is divided by y(1)?
2
Let z be 14586/208 + 2/(-16). Suppose 3*a - 232 = -z. Calculate the remainder when a is divided by 14.
12
Suppose -16*s - 1232 = -14*s. What is the remainder when 415 is divided by 23/((-1127)/s) - (-3)/7?
12
Let c(h) = -3*h**3 - 2*h**2 + 10. Let d be c(-3). Let v = d - 56. Calculate the remainder when 50 is divided by v.
16
Let i(q) = -7*q**3 - 2*q**2 - 5*q - 5. Let g(n) = -n**2 + n - 2. Let k be g(1). Let d = -161 + 172. What is the remainder when i(k) is divided by d?
9
Let z(s) = s**2 + 41*s + 203. Suppose -2*v = v - 27. What is the remainder when z(-5) is divided by v?
5
Let l(t) = t**3 - 30*t**2 + 164*t + 39. What is the remainder when 361 is divided by l(23)?
37
Suppose 0 = -4*f + 304 + 480. What is the remainder when f is divided by (-16)/(-20)*(-3000)/(-48)*1?
46
Let y(f) = 19*f + 10. Let d be y(-4). Calculate the remainder when (-3)/(1/d*2) is divided by 17.
14
Let i = 15244 - 12499. What is the remainder when i is divided by 31?
17
Let m(v) = 6*v - 100. Let q be 0 + 1/(-6) + 3048/144. What is the remainder when 73 is divided by m(q)?
21
Let y(i) = 3*i**2 - i - 3. Let k be y(-5). Let h = k - 63. Suppose -2*n - n + 12 = j, -2*j = 4*n - 14. Calculate the remainder when h is divided by n.
4
Suppose 0 = l - 4*k - k - 82, 3*k - 82 = -l. Let q = l + -86. Let p(h) = 4*h**2 + 7*h - 7. What is the remainder when p(q) is divided by 15?
14
Let m = -2731 - -2744. What is the remainder when 267 is divided by m?
7
Suppose -4*a = 44 - 144. Let x(p) = p**3 - 16*p**2 + 57*p - 70. Calculate the remainder when x(12) is divided by a.
13
Let f(i) = 6*i**2 - 97*i + 36. What is the remainder when f(18) is divided by 77?
3
Suppose 133 = -8*m + 117. Calculate the remainder when (-3)/81*-1977 - m/(-9) is divided by 24.
1
Let a(t) = t**2 - 184*t + 4562. What is the remainder when a(23) is divided by 103?
35
Suppose -4*t - 2*b = b - 921, -3*t + 694 = -b. Suppose -5*s - 3*f - t = -0*f, 0 = f - 3. Calculate the remainder when (1/(-5))/((-10)/50) - s is divided by 10.
9
Suppose 0 = n - 5*n + 2*d + 262, 2*n + 5*d - 161 = 0. Let k = -36 + n. Suppose -2065*w - 1500 = -2077*w. What is the remainder when w is divided by k?
29
Let l(h) be the first derivative of -15*h**2 - h - 6. Let c = 58 - 40. Calculate the remainder when l(-3) is divided by c.
17
Let o be 8/4 - (-4)/2. Suppose -36 = -k - o*j, 1 = j + 6. Calculate the remainder when k is divided by (-4)/(-16) - 230/(-8).
27
Let u = -10926 + 14201. What is the remainder when u is divided by 21?
20
Let r be (-1)/(2 - 27/12) - -43. Suppose -r*t = 130 - 365. Calculate the remainder when t is divided by 1.
0
Let x be -1 - (-1)/(-2)*(-9 + -3). Suppose -14 = x*q - 3*t, -7*q + 3*q - 19 = -5*t. What is the remainder when (q + 4)*(-936)/(-54) is divided by 28?
24
Let m(x) = x**2 + 14*x + 16. Suppose c - 184 = 102. What is the remainder when c is divided by m(-14)?
14
Let a = -7418 - -7484. What is the remainder when 657 is divided by a?
63
Suppose -24*m + 215 = -73. What is the remainder when 802 is divided by m?
10
Suppose -48*v + 1638 = 30*v. Calculate the remainder when 98 is divided by v.
14
Let o be -2 - -6 - (-80)/8. Calculate the remainder when 263 is divided by 66/10*70/o.
32
Let o = -30 - -32. Suppose 4*g - 34 + 10 = 0. Suppose -w = -3*u - 7, 2*u - g + 28 = 2*w. Calculate the remainder when w is divided by o.
1
Suppose 0 = z + 3*h - 18, 2*h + 5 = -3*z + 24. Suppose z*u - 351 = -10*u. What is the remainder when 213 is divided by u?
24
Suppose -42 = -107*b + 104*b. Suppose -2*c = -k - 17, 4*c + 1 = -5*k + b. Suppose 43 = 4*o - 5. What is the remainder when o is divided by c?
5
Let c = 10096 + -4843. What is the remainder when c is divided by 9?
6
Let d = -29 - -31. Suppose d = 8*c - 190. Calculate the remainder when -2 + 648/10 - (-3)/15 is divided by c.
15
Let r be 2*-2 + 5 + 18. Suppose -r = -7*h + 44. What is the remainder when 90/27*36/5 is divided by h?
6
Let f be (-33)/(-9) + 7/(-126)*-6. What is the remainder when 7 is divided by 7/(-28)*1 - (-9)/f?
1
Let q(a) = a**2 - 27*a - 1 - 7 - 3 - 9. Calculate the remainder when (-108)/(-9) + -1*3 is divided by q(28).
1
Suppose 10*n - 31 = -1. Suppose 0*y = n*y - 102. Let x = y - 29. Calculate the remainder when 27 is divided by x.
2
Calculate the remainder when 3473 is divided by 26/((-936)/30) - 1484/(-24).
57
Let a be 48/3 - 6/(-3). Let h = 21 - a. Suppose 88 = h*f - 53. Calculate the remainder when f is divided by 25.
22
Suppose 2*p + 8 = 6*p. Suppose 9 - 3 = u. Suppose -u*s = -p*s - 20. Calculate the remainder when 24 is divided by s.
4
Let k(r) be the third derivative of 5/24*r**4 - 9*r**2 + 0 + 0*r - 1/6*r**3. What is the remainder when k(4) is divided by 11?
8
Let t(h) = -h**3 - 19*h**2 - 29*h + 22. Let k be t(-18). Suppose -165 = -5*v + 2*v - 4*u, 4*v - k = -5*u. What is the remainder when 162 is divided by v?
52
Suppose p + 95 - 27 = 0. Let j = 127 + p. Let q(n) = -4*n**3 - 14*n**2 - 9*n - 36. What is the remainder when j is divided by q(-4)?
27
Suppose -6 = -4*o - 3*l - 0, -o - 3*l - 3 = 0. Suppose -7*j = -o*j - 52. Suppose -j*h + 12*h = -15. What is the remainder when 23 is divided by h?
8
What is the remainder when 157 is divided by 3/5 + 2070/50 - 5?
9
Let b = -506 + 518. Let f be (24/9)/((-1)/39). Let z = -69 - f. What is the remainder when z is divided by b?
11
What is the remainder when (-12)/6 + -7 - -501 is divi